 digit of 17963?
6
What is the hundreds digit of 10019?
0
What is the hundreds digit of 2388?
3
What is the thousands digit of 3792?
3
What is the tens digit of 7875?
7
What is the units digit of 1431?
1
What is the hundreds digit of 6313?
3
What is the hundreds digit of 38482?
4
What is the thousands digit of 72554?
2
What is the hundreds digit of 57819?
8
What is the thousands digit of 19216?
9
What is the tens digit of 517?
1
What is the tens digit of 13829?
2
What is the units digit of 20081?
1
What is the units digit of 1139?
9
What is the tens digit of 27428?
2
What is the tens digit of 55?
5
What is the units digit of 1370?
0
What is the units digit of 208?
8
What is the tens digit of 21698?
9
What is the units digit of 10601?
1
What is the hundreds digit of 3888?
8
What is the thousands digit of 5508?
5
What is the hundreds digit of 5326?
3
What is the tens digit of 36688?
8
What is the units digit of 433?
3
What is the units digit of 877?
7
What is the thousands digit of 9526?
9
What is the hundreds digit of 48241?
2
What is the hundreds digit of 668?
6
What is the hundreds digit of 87203?
2
What is the units digit of 7242?
2
What is the units digit of 140264?
4
What is the units digit of 305?
5
What is the ten thousands digit of 23105?
2
What is the thousands digit of 6887?
6
What is the units digit of 26016?
6
What is the tens digit of 166074?
7
What is the thousands digit of 1432?
1
What is the hundreds digit of 3503?
5
What is the thousands digit of 1169?
1
What is the thousands digit of 2164?
2
What is the hundreds digit of 9330?
3
What is the thousands digit of 11495?
1
What is the units digit of 4825?
5
What is the units digit of 514?
4
What is the hundreds digit of 4303?
3
What is the hundreds digit of 968?
9
What is the ten thousands digit of 18986?
1
What is the units digit of 4688?
8
What is the ten thousands digit of 92026?
9
What is the tens digit of 7779?
7
What is the tens digit of 355?
5
What is the tens digit of 663?
6
What is the units digit of 7724?
4
What is the units digit of 1828?
8
What is the units digit of 7974?
4
What is the units digit of 911?
1
What is the units digit of 10935?
5
What is the hundreds digit of 4929?
9
What is the hundreds digit of 1697?
6
What is the thousands digit of 14259?
4
What is the hundreds digit of 27616?
6
What is the tens digit of 25528?
2
What is the tens digit of 367?
6
What is the units digit of 3124?
4
What is the ten thousands digit of 11849?
1
What is the units digit of 1036?
6
What is the thousands digit of 51159?
1
What is the hundreds digit of 294?
2
What is the thousands digit of 9175?
9
What is the units digit of 87018?
8
What is the hundreds digit of 16776?
7
What is the hundreds digit of 1535?
5
What is the hundreds digit of 1788?
7
What is the tens digit of 37748?
4
What is the thousands digit of 5729?
5
What is the hundreds digit of 571?
5
What is the hundreds digit of 2685?
6
What is the hundreds digit of 2503?
5
What is the hundreds digit of 1710?
7
What is the hundred thousands digit of 178433?
1
What is the tens digit of 1141?
4
What is the tens digit of 5808?
0
What is the units digit of 309?
9
What is the units digit of 3198?
8
What is the units digit of 22014?
4
What is the units digit of 46468?
8
What is the thousands digit of 138159?
8
What is the units digit of 23400?
0
What is the tens digit of 7027?
2
What is the hundreds digit of 137?
1
What is the tens digit of 37822?
2
What is the hundreds digit of 20538?
5
What is the units digit of 25120?
0
What is the thousands digit of 8446?
8
What is the thousands digit of 1480?
1
What is the hundreds digit of 17249?
2
What is the tens digit of 5802?
0
What is the tens digit of 33572?
7
What is the hundreds digit of 845?
8
What is the units digit of 5274?
4
What is the hundreds digit of 2120?
1
What is the units digit of 5461?
1
What is the thousands digit of 17369?
7
What is the tens digit of 1687?
8
What is the units digit of 1359?
9
What is the tens digit of 140?
4
What is the tens digit of 11688?
8
What is the thousands digit of 4566?
4
What is the units digit of 61422?
2
What is the hundreds digit of 1243?
2
What is the units digit of 451?
1
What is the tens digit of 26283?
8
What is the hundreds digit of 12237?
2
What is the hundreds digit of 885?
8
What is the thousands digit of 3889?
3
What is the units digit of 16531?
1
What is the units digit of 4950?
0
What is the tens digit of 6528?
2
What is the units digit of 24478?
8
What is the thousands digit of 19783?
9
What is the hundreds digit of 8331?
3
What is the hundreds digit of 498?
4
What is the thousands digit of 8942?
8
What is the hundreds digit of 1144?
1
What is the tens digit of 1995?
9
What is the tens digit of 10438?
3
What is the hundreds digit of 1103?
1
What is the thousands digit of 77474?
7
What is the hundreds digit of 18118?
1
What is the tens digit of 52871?
7
What is the thousands digit of 14743?
4
What is the tens digit of 2488?
8
What is the tens digit of 3838?
3
What is the tens digit of 1363?
6
What is the tens digit of 7994?
9
What is the tens digit of 183?
8
What is the thousands digit of 4625?
4
What is the thousands digit of 2515?
2
What is the units digit of 21883?
3
What is the hundreds digit of 4797?
7
What is the tens digit of 378?
7
What is the units digit of 2508?
8
What is the units digit of 19556?
6
What is the tens digit of 12930?
3
What is the tens digit of 244?
4
What is the hundreds digit of 3058?
0
What is the tens digit of 953?
5
What is the ten thousands digit of 28166?
2
What is the tens digit of 1727?
2
What is the tens digit of 1320?
2
What is the hundreds digit of 398?
3
What is the tens digit of 1712?
1
What is the hundreds digit of 34566?
5
What is the units digit of 64447?
7
What is the thousands digit of 1016?
1
What is the hundreds digit of 33316?
3
What is the tens digit of 1724?
2
What is the ten thousands digit of 189151?
8
What is the tens digit of 6798?
9
What is the units digit of 8340?
0
What is the units digit of 1134?
4
What is the tens digit of 633?
3
What is the hundreds digit of 55693?
6
What is the thousands digit of 15383?
5
What is the tens digit of 4922?
2
What is the hundreds digit of 440?
4
What is the thousands digit of 10327?
0
What is the ten thousands digit of 19849?
1
What is the tens digit of 675?
7
What is the tens digit of 994?
9
What is the hundreds digit of 1410?
4
What is the hundreds digit of 227?
2
What is the tens digit of 5177?
7
What is the hundreds digit of 3420?
4
What is the ten thousands digit of 83081?
8
What is the units digit of 87162?
2
What is the units digit of 82471?
1
What is the tens digit of 1743?
4
What is the thousands digit of 2017?
2
What is the hundreds digit of 142?
1
What is the units digit of 175?
5
What is the units digit of 30895?
5
What is the hundreds digit of 2639?
6
What is the hundreds digit of 6219?
2
What is the units digit of 18448?
8
What is the tens digit of 1041?
4
What is the hundreds digit of 34782?
7
What is the units digit of 56195?
5
What is the units digit of 859?
9
What is the units digit of 22833?
3
What is the hundreds digit of 14975?
9
What is the units digit of 1056?
6
What is the tens digit of 10663?
6
What is the thousands digit of 5831?
5
What is the tens digit of 2448?
4
What is the hundreds digit of 89640?
6
What is the ten thousands digit of 147903?
4
What is the tens digit of 981?
8
What is the thousands digit of 2814?
2
What is the hundreds digit of 1272?
2
What is the units digit of 60119?
9
What is the thousands digit of 16743?
6
What is the hundreds digit of 321?
3
What is the thousands digit of 1487?
1
What is the thousands digit of 34466?
4
What is the ten thousands digit of 20094?
2
What is the units digit of 756?
6
What is the tens digit of 1737?
3
What is the units digit of 22445?
5
What is the units digit of 1618?
8
What is the units digit of 148?
8
What is the hundreds digit of 196?
1
What is the tens digit of 341?
4
What is the thousands digit of 3351?
3
What is the units digit of 134?
4
What is the tens digit of 844?
4
What is the hundreds digit of 5801?
8
What is the tens digit of 44496?
9
What is the tens digit of 17139?
3
What is the ten thousands digit of 32358?
3
What is the units digit of 83?
3
